t a(k) = -k**3 - 22*k**2 - 20*k + 12. What is a(-21)?
-9
Let n(g) = g**3 - 1. Calculate n(-2).
-9
Let t(a) = -a**2 + 6*a + 17. Give t(9).
-10
Let w(v) = -v**3 + 14*v**2 - 14. What is w(14)?
-14
Let p(g) = g**2 + 42*g + 59. Give p(-40).
-21
Let v(c) = -21*c + 24. Give v(0).
24
Let o(f) = 2*f**3 + 17*f**2 + 11*f + 14. Determine o(-8).
-10
Let k(j) = -j**3 + 10*j**2 + 8*j + 7. What is k(11)?
-26
Let i(w) = 15*w - 851. Give i(57).
4
Let l(j) = -j + 26. Determine l(-6).
32
Let d(f) = -19*f. Determine d(1).
-19
Let w(j) = j**2 - 23*j + 33. What is w(21)?
-9
Let h(k) = k + 8. What is h(0)?
8
Let o(v) = 6*v - 5. What is o(2)?
7
Let k(z) = z**2 + 10*z + 23. Give k(-10).
23
Let j(t) = -102*t - 714. Calculate j(-7).
0
Let u(k) = -k**2 + 18*k - 41. Calculate u(14).
15
Let r(k) = k**3 - 4*k**2 - 5*k - 8. What is r(5)?
-8
Let u(a) = a**3 - 9*a**2 - 3*a + 12. Calculate u(9).
-15
Let a(o) = -5*o**2 + o. What is a(1)?
-4
Let x(b) = -b**3 + 2*b**2 + 3. What is x(2)?
3
Let o(u) = -u**3 + 5*u**2 - 16*u + 31. What is o(3)?
1
Let x(s) = -s + 10. Determine x(-7).
17
Let f(b) = -3*b - 7. Determine f(-9).
20
Let c(y) = -7*y - 2. Determine c(2).
-16
Let d(n) = n**3 - 9*n**2 + 2*n - 4. What is d(9)?
14
Let l(c) = -12*c - 38. Determine l(-3).
-2
Let z(v) = -v**3 + 8*v**2 + 8*v + 5. What is z(9)?
-4
Let s(y) = y**3 - 10*y**2 + 6*y + 9. Calculate s(9).
-18
Let u(p) = 17*p + 20. Calculate u(0).
20
Let p(f) = f**2 + 8*f - 1. Determine p(-5).
-16
Let i(q) = -q**2 + 2*q + 3. Determine i(-6).
-45
Let d(b) = -4*b**2 - 5*b - 4. Determine d(-2).
-10
Let m(g) = 3*g**3 - 2*g**2 + g + 2. Calculate m(-1).
-4
Let z(a) = -a - 45. Give z(-21).
-24
Let n(j) = j - 31. Determine n(9).
-22
Let s(a) = 3*a**2 - 8*a + 5. Determine s(3).
8
Let r(p) = p**3 + 4*p**2 + p + 1. Calculate r(-2).
7
Let v(k) = 4*k**2 + 19*k + 3. What is v(-8)?
107
Let c(j) = 5*j**2 + 4*j + 4. Determine c(-1).
5
Let a(f) = -12*f + 15. What is a(-6)?
87
Let t(c) = 3*c**2 + 20*c + 69. Calculate t(-4).
37
Let j(r) = -r**2 + 38. Calculate j(-6).
2
Let g(o) = -8*o**2 + 4*o - 15. Determine g(3).
-75
Let l(m) = -m**3 - 21*m**2 + 21*m - 23. What is l(-22)?
-1
Let q(w) = 7*w - 18. Determine q(9).
45
Let x(u) = -51*u + 8. Calculate x(3).
-145
Let y(m) = -m**3 - m**2 + 15*m + 14. What is y(0)?
14
Let c(p) = -p - 25. Give c(-12).
-13
Let v(i) = -i**2 + 8*i - 23. What is v(8)?
-23
Let l(c) = 2*c**2 + 5*c + 10. What is l(-9)?
127
Let c(q) = -q**3 - 6*q**2 - q + 10. Give c(-4).
-18
Let z(w) = w**3 + 8*w**2 + 3*w + 3. What is z(-8)?
-21
Let r(q) = -9*q - 3. Give r(-5).
42
Let m(l) = l**3 - 7*l**2 + 2*l + 5. Determine m(6).
-19
Let a(h) = -h**2 - 20*h - 7. Determine a(-16).
57
Let l(y) = 4*y - 37. What is l(8)?
-5
Let c(x) = 10*x - 1. Determine c(2).
19
Let g(x) = 2*x + 46. Determine g(-21).
4
Let l(b) = 11*b**3 + b**2 - b. Calculate l(1).
11
Let j(n) = -n**3 - 7*n**2 - 2*n - 16. Calculate j(-8).
64
Let q(k) = 155*k - 466. What is q(3)?
-1
Let g(z) = z**3 + 17*z**2 - 19. Calculate g(-17).
-19
Let l(a) = 2*a + 8. Calculate l(-2).
4
Let d(o) = -o**3 + 17*o**2 - 5. What is d(17)?
-5
Let c(z) = -z**3 + 17*z**2 + 59*z + 15. Determine c(20).
-5
Let f(q) = -q + 12. What is f(-4)?
16
Let j(g) = 47*g + 2. Determine j(-1).
-45
Let y(i) = -30*i**2 + 2*i + 1. Give y(-1).
-31
Let t(o) = o**3 + 6*o**2 - 9. Give t(-6).
-9
Let p(o) = 7*o - 22. What is p(-7)?
-71
Let f(n) = n**3 - 12*n**2 + n - 1. What is f(12)?
11
Let j(m) = m**2 - 6*m - 6. Calculate j(6).
-6
Let b(t) = -3*t**2 + 44*t + 119. Give b(17).
0
Let n(s) = -2*s**3 + 10*s**2 - 4*s + 6. Determine n(5).
-14
Let d(k) = k - 5. Give d(4).
-1
Let q(f) = 48*f**3 - 2*f**2 + 3*f - 2. Calculate q(1).
47
Let x(m) = m**2 + 17*m + 13. Give x(-16).
-3
Let j(b) = -3*b**2 + 9*b - 2. Determine j(10).
-212
Let d(m) = 6*m + 279. Give d(-45).
9
Let g(f) = -4*f + 116. Give g(29).
0
Let j(v) = -3*v**2 + 8*v + 2. What is j(3)?
-1
Let u(l) = l**2 + 9*l + 9. Calculate u(-7).
-5
Let c(h) = -h**3 - 27*h**2 + 56*h - 65. Calculate c(-29).
-7
Let l(i) = -i**3 - 14*i**2 + 50*i - 19. Determine l(-17).
-2
Let l(d) = d**2 - 2*d - 24. What is l(0)?
-24
Let y(w) = w**3 + 12*w**2 - 7*w - 2. What is y(-12)?
82
Let k(z) = -2*z**2 - 46*z - 3. Determine k(-22).
41
Let n(r) = -r**2 - 3*r + 8. What is n(0)?
8
Let t(d) = 4*d**3 + 3*d**2 + d + 2. Give t(-2).
-20
Let c(f) = -7*f - 58. Give c(-5).
-23
Let p(o) = -o**2 + 9*o - 5. Calculate p(6).
13
Let h(r) = 2*r**2 + 42*r - 50. What is h(-22)?
-6
Let h(v) = v**2 + 5*v - 9. Calculate h(-7).
5
Let v(w) = w**3 - 12*w**2 + 18*w + 14. Give v(10).
-6
Let d(s) = s**2 - 9*s + 9. Calculate d(9).
9
Let o(k) = -5*k - 27. Determine o(-6).
3
Let r(b) = -b**3 + 38*b**2 + 82*b - 89. Determine r(40).
-9
Let c(o) = -o**2 + 9*o - 18. Determine c(2).
-4
Let r(n) = -n**3 - 8*n**2 + 6*n - 4. Calculate r(-9).
23
Let k(t) = t**3 - 6*t**2 - 28*t + 15. Calculate k(9).
6
Let l(y) = -2*y**2 - 8*y - 3. Give l(-6).
-27
Let q(u) = 8*u - 33. What is q(5)?
7
Let s(v) = v**3 - 12*v**2 + 10*v + 6. What is s(11)?
-5
Let k(d) = -8*d + 306. Give k(39).
-6
Let o(g) = 3*g**2 + 8. Determine o(-5).
83
Let v(q) = -q**2 + 15*q - 43. Give v(5).
7
Let l(s) = -16*s - 1. Calculate l(-1).
15
Let j(x) = -x**3 - 2*x**2 + 37*x + 13. Determine j(-7).
-1
Let c(b) = b**2 + 8*b + 5. Calculate c(-9).
14
Let w(s) = -s**2 + s + 4. Give w(0).
4
Let o(a) = -14*a - 7. What is o(-3)?
35
Let n(m) = -m**2 + 3*m - 71. Determine n(0).
-71
Let o(j) = j**3 - 13*j**2 + 10*j - 20. Determine o(12).
-44
Let g(w) = w**2 - 8*w - 5. Calculate g(9).
4
Let i(p) = -30*p**2 + 6*p + 7. What is i(-2)?
-125
Let x(w) = 2*w + 1. What is x(-4)?
-7
Let l(b) = -b**3 - 20*b**2 - 18*b + 8. Determine l(-19).
-11
Let u(q) = 3*q**2 + 7*q - 3. What is u(3)?
45
Let o(j) = -j**3 + 2*j**2 - 4*j + 4. Give o(3).
-17
Let f(c) = 25*c - 6. Give f(-3).
-81
Let y(v) = v**2 - v + 1. Determine y(-5).
31
Let o(q) = -15*q - 4. Determine o(0).
-4
Let p(t) = t + 15. Give p(-11).
4
Let y(o) = o - 4. Give y(6).
2
Let l(t) = -t**3 + 6*t**2 + 11*t + 23. What is l(8)?
-17
Let r(k) = -k + 12. Calculate r(-10).
22
Let h(m) = 3*m**2 - 78*m - 54. Calculate h(27).
27
Let a(x) = -2*x + 6. What is a(5)?
-4
Let p(q) = -2*q**2 - 3*q. Give p(-5).
-35
Let j(o) = -2*o**3 - 6*o**2 - 2*o - 3. What is j(-4)?
37
Let t(c) = -c**3 + 13*c**2 - 29*c - 3. Calculate t(10).
7
Let a(c) = -c**2 - 29*c - 183. Calculate a(-20).
-3
Let j(o) = 3*o. Give j(-2).
-6
Let n(f) = -f**3 - 31*f**2 + 35*f + 95. Calculate n(-32).
-1
Let f(k) = 16*k**2 - k - 2. Determine f(-1).
15
Let w(x) = -110*x**2 - 4*x + 3. Determine w(1).
-111
Let v(z) = z**2 - 17*z - 21. Give v(19).
17
Let s(d) = 5*d - 36. Determine s(-5).
-61
Let d(z) = z**3 + 13*z**2 + 25*z + 26. Determine d(-11).
-7
Let w(a) = -a**2 + 4*a + 5. Calculate w(5).
0
Let i(k) = -2*k**3 + k**2 + 11*k - 35. Determine i(3).
-47
Let w(r) = r**3 - 36*r**2 + 71*r - 115. Determine w(34).
-13
Let w(l) = l**2 - 5*l - 6. What is w(6)?
0
Let f(s) = 2*s**3 + s**2 - 2*s + 4. Determine f(-3).
-35
Let o(g) = -7*g - 5. Determine o(-5).
30
Let t(a) = a**2 - 9*a - 133. Calculate t(17).
3
Let g(t) = -2*t**2 + 17*t - 12. Give g(11).
-67
Let b(k) = -k**3 + 18*k**2 - 15*k + 46. Calculate b(17).
80
Let m(n) = n**3 + 34*n**2 + 6. Determine m(-34).
6
Let i(m) = m + 14. Give i(-24).
-10
Let m(a) = a**3 - 5*a - 2. Calculate m(4).
42
Let d(l) = -l**3 - 2*l**2 - 4. Give d(-3).
5
Let a(x) = -3*x + 32. Give a(14).
-10
Let y(s) = 9*s + 14. Give y(-4).
-22
Let y(q) = -5*q - 30. What is y(-8)?
10
Let v(x) = x**3 - 16*x**2 - 17*x - 3. Calculate v(17).
-3
Let c(t) = 3*t + 59. What is c(-22)?
-7
Let o(n) = -n**2 + 31*n - 43. Determine o(28).
41
Let g(s) = 5*s**2 - 5*s + 5. Determine g(2).
15
Let d(c) = -6*c - 38. Determine d(-7).
4
Let y(i) = -i - 15. What is y(12)?
-27
Let j(w) = -w - 23. Determine j(-12).
-11
Let z(b) = -b**3 + 11*b**2 - 10*b - 14. Determine z(10).
-14
Let v(n) = 19*n - 170. Determine v(9).
1
Let j(r) = r**3 - 5*r**2 - 5*r - 2. Give j(6).
4
Let z(f) = f**3 + 5*f**2 + 6*f + 9. Give z(-4).
1
Let k(h) = -9*h + 2. Determine k(-6).
56
Let o(f) = -4*f + 28. Determine o(9).
-8
Let j(g) = g**3 + 7*g**2 + 2*g + 21. Calculate j(-7).
7
Let s(g) = -g**3 - 10*g**2 + 11*g + 7. Determine s(-11).
7
Let n(s) = -19*s + 664. What is n(35)?
-1
Let f(d) = -d**3 - 10*d**2 + 52*d + 445. Determine f(-11).
-6
Let f(x) = -2*x